divided by s.
21
Let n(f) = 6*f**2 + 2*f - 1. Suppose 3*m - 15 = -2*m, 0 = -2*p + m + 29. Calculate the remainder when n(-3) is divided by p.
15
Suppose 4*o + 2*d - 3 = -13, 0 = -5*d + 15. Let s(v) = -2*v**3 - 2*v**2 + 4*v - 3. What is the remainder when s(o) is divided by 20?
17
Suppose -11*g + 1016 = 202. Calculate the remainder when 141 is divided by g.
67
Let t = 7 + -2. Suppose 81 = -2*g + 3*c, -5*c + 43 = -g - 15. What is the remainder when 32 is divided by (g/(-6))/(t/10)?
10
Suppose -2*t = -2*h - 48, -2*t = -5*h - 28 - 17. Calculate the remainder when 117 is divided by t.
17
Let v(a) = 7*a - 60. What is the remainder when 185 is divided by v(11)?
15
Calculate the remainder when 91 is divided by (15/9)/((-2)/(-66)).
36
Let c(w) = w**3 + 14*w**2 + 16*w + 12. Let k be c(-13). Let i = k - -70. Calculate the remainder when i is divided by 9.
7
Let f = 4 - 7. Let l(h) = 8*h + 36*h**2 + 0 - 1 - 29*h**2 - 7*h. What is the remainder when l(f) is divided by 31?
28
Let g = 22 - 19. Suppose 0 = 5*o - 3*o - 5*x - 107, o - 56 = g*x. Calculate the remainder when o is divided by 21.
20
Let c = 25 + -43. Let t = c + 21. Let l = t + 19. Calculate the remainder when l is divided by 12.
10
Let t = 10 - 11. Let r be t/2 - 279/18. Let p = r - -31. What is the remainder when 43 is divided by p?
13
Let y(t) = t**2 - 38*t + 200. Let a be 10 - (1*-2 - -2). Suppose -a = -l - l. Calculate the remainder when y(32) is divided by l.
3
What is the remainder when 186 is divided by (432/(-20))/(-2)*(-45)/(-18)?
24
Suppose 3*i + 4*f = f - 63, 4*f - 105 = 5*i. Let s = i - -36. Calculate the remainder when s is divided by 8.
7
Let h(g) = -g**3 + 5*g**2 + 2*g - 1. Let v be h(5). Calculate the remainder when (1*33)/(4 - 3) is divided by 2*v/(-12)*-6.
6
Suppose -2*n + 4*n - 82 = 0. Suppose -2*y + 1288 = 8*h, -4*y + 310 = 2*h - 5*y. Calculate the remainder when h is divided by n.
36
Let m = -3 - 1. Suppose u - 3*b = 7, 3 = u - 0*u - b. What is the remainder when 52 is divided by u/(-4) + (-73)/m?
16
Let n = -62 - -67. Let f(b) be the second derivative of b**4/6 - 3*b**3/2 + 2*b**2 + 3*b. Calculate the remainder when f(6) is divided by n.
2
What is the remainder when 46 is divided by (0 + -5 - -31) + 1*-1?
21
Let i(b) = -b**3 - 10*b**2 - 3*b + 10. Let z be i(-11). Suppose 0 = 2*c + 4*o - 96, -4*c = o - 0*o - z. Calculate the remainder when c is divided by 22.
18
Suppose 4*a + 5*m + 376 = 0, 5*m = 3*a + 7*m + 289. Calculate the remainder when (a/6)/(8/(-16)) is divided by 20.
13
Suppose d - 44 = f, 0 = -37*d + 32*d + 4*f + 217. Calculate the remainder when 188 is divided by d.
24
Let w be (-6)/(-15) - 576/15. Let v = w - -45. Calculate the remainder when v is divided by 4.
3
Let l(q) = 27*q + 4. What is the remainder when l(4) is divided by 23?
20
Suppose -5*m + 302 = -153. Let a(u) = u**3 - 2*u**2 + 23. Let t be (-2)/(-3) + 4/(-6). Calculate the remainder when m is divided by a(t).
22
Suppose -9*o = -8*o - 9. What is the remainder when 35 is divided by o?
8
Suppose -2*j = -2*x - 0*x - 2, -3*j - 25 = 4*x. Let i = 13 + x. Let u = -22 + 46. Calculate the remainder when u is divided by i.
6
Let d(l) = 5*l - 4. Let h(u) = 14*u - 11. Let n(k) = -11*d(k) + 4*h(k). Suppose 0 = -3*w + 5 + 4. Calculate the remainder when 7 is divided by n(w).
1
What is the remainder when ((-16)/8 - (-2 - 1))*41 is divided by 9?
5
Suppose -18 + 74 = -4*l. Let m = l - -16. Suppose -3 = -m*i + 3. What is the remainder when 4 is divided by i?
1
Let c be (-374)/(-12) + 2 - (-12)/(-72). Let k = c - 21. Calculate the remainder when 70 is divided by k.
10
Suppose 4*q - 2*l - 134 - 170 = 0, -380 = -5*q - l. What is the remainder when 310 is divided by q?
6
Suppose s = -3*s + 20. Let x = -27 - -26. What is the remainder when 9 + (-4)/4 + x is divided by s?
2
Let p(z) = -z**3 + 17*z**2 + 39*z + 7. Let f be p(19). Suppose t = -f + 39. Calculate the remainder when 38 is divided by t.
12
Let d(p) be the second derivative of p**4/12 - p**3/3 + 15*p**2/2 - 2*p. Let n = -40 + 40. Calculate the remainder when d(n) is divided by 4.
3
Suppose -2*i - 5*n = -7, 0 = -0*i + 2*i - n - 1. Let g be (1 + 3)/2 + -2. What is the remainder when -1*(i + g)*-30 is divided by 8?
6
Suppose 3*j + 0*k = 5*k + 149, 0 = k + 1. Calculate the remainder when j is divided by 18.
12
Let z be (-80)/(-3) - (-3)/9. Let a = 121 - z. Calculate the remainder when a is divided by 19.
18
Let j(n) = n**3 + 13*n**2 + 24*n + 3. What is the remainder when j(-10) is divided by 32?
31
Calculate the remainder when (-2946)/30*-1 - 1/5 is divided by (-519)/(-21) + 6/21.
23
Suppose -13*s - 4 = -14*s. Suppose s*l + 4*v - 56 = 0, -3*l = l - 2*v - 62. What is the remainder when l is divided by 8?
7
Let a(q) = -5*q - 2*q + 11*q - 3*q. Let v be a(-4). What is the remainder when 68 + 2 - (v + 4) is divided by 18?
16
Let m = 61 + -54. Suppose 2*i - m = 1, 0 = 4*l + 2*i - 32. Calculate the remainder when l is divided by 2.
0
Let u = -10 - -14. Suppose -u*z + 717 = 185. What is the remainder when z is divided by 34?
31
Suppose 23 = -w - p - 2, 5*p = -4*w - 105. Calculate the remainder when 42 is divided by w/(-6)*48*6/60.
10
Let y = 343 + -311. What is the remainder when 447 is divided by y?
31
Calculate the remainder when 1 - 1 - (-39 + -255) is divided by 51.
39
Let z = 69 + -44. What is the remainder when 116 is divided by z?
16
Let k(i) = 5*i**2 + 82*i + 28. Calculate the remainder when k(-19) is divided by 40.
35
Let v(k) = 11*k - 2. Let a = -160 + 218. What is the remainder when a is divided by v(2)?
18
Calculate the remainder when 326 is divided by ((-55)/22)/(5/(-82)).
39
Let n = -192 - -273. Let z = n + -23. Let f(x) = 4*x**2 - x - 2. Calculate the remainder when z is divided by f(2).
10
Let z be 1 - (-3)/(-6)*2. Let t = 5 + z. Let d(o) = 20*o**2 - 7*o + 6. What is the remainder when d(1) is divided by t?
4
Let u be -8*((-5)/2 + 0). Let y = u - 16. Suppose 3*n = y*f - 63, -2*n = -5*f + 2*n + 78. What is the remainder when 51 is divided by f?
15
Let j(m) = m**3 - 8*m**2 + 9*m - 11. Suppose 6*f = 5*f + 27. Let p = -19 + f. What is the remainder when j(p) is divided by 16?
13
Suppose -3*z = 5*s - 117 - 69, 2*s = 4*z + 64. Let u be 3/(-9*(-3)/s). Suppose 3*f + u*k = 19, 2*k = f - 4 - 9. Calculate the remainder when 16 is divided by f.
7
Let i be (-3*(-6)/(-18))/((-1)/77). Suppose -s - 4*p = -0*p - i, 3*p = 3*s - 171. Calculate the remainder when s is divided by 0 + 1 + 0 + 30.
30
Let i = -134 - -185. What is the remainder when i is divided by 30?
21
Suppose 3*p + w = 26, -3*p + 0*p + 4*w + 16 = 0. Calculate the remainder when 84 is divided by p/(-20) + ((-174)/(-10) - 0).
16
Calculate the remainder when 96 is divided by 30 - (-126 - -6)/(-10).
6
Let a = 3702 - 3303. What is the remainder when a is divided by 134?
131
Let w be 7*2/(-42)*-6. Suppose 3*p + c - 29 = 8, -5*p + 61 = w*c. What is the remainder when p is divided by 8?
5
Let j(o) = 9 - o**2 + 14*o + 3*o + 2*o. Let q be (4 + -6)/(159/(-51) + 3). Calculate the remainder when j(q) is divided by 11.
10
Let h = 18 + -29. Let j = -86 - -49. Let o = h - j. Calculate the remainder when o is divided by 9.
8
Suppose -4*k = -9*k + 20. Suppose -k - 8 = -f. What is the remainder when f is divided by 7?
5
Let b(j) = j**3 + 20*j**2 - 24*j - 34. Let w = -68 - -47. What is the remainder when 40 is divided by b(w)?
11
Let f(m) = -m**2 + 12*m - 12. Suppose -v = 2*n - 29, 3*n - 4*n + 22 = 2*v. What is the remainder when n is divided by f(10)?
4
What is the remainder when 133 is divided by -7 + (-4)/(-2) + 21?
5
Suppose -14 = 4*a - 3*r, -4*a - 2*r = -0*r + 24. What is the remainder when 50 is divided by -2 + 0 - (a - 8) - 2?
5
Let a(z) = z**3 - 9*z**2 + 5*z + 9. Let l be a(5). Let v = l + 69. Let d(q) = q**3 - 6*q**2 + 6*q + 6. Calculate the remainder when d(5) is divided by v.
2
Let w be (-24)/16 - 3/(-2). Suppose w*v + v - 71 = 0. What is the remainder when v is divided by 24?
23
Let g = 152 + -48. Calculate the remainder when g is divided by 21.
20
Let w(z) = z**2 + 5*z + 4. Let t be w(-4). Suppose 4*p + 0*p + 64 = 2*n, t = 3*p + 3. What is the remainder when n is divided by 9?
3
Suppose 3*y + 225 = 5*f, -9*y - 90 = -2*f - 6*y. What is the remainder when 449 is divided by f?
44
Let c(h) = -2*h - 21. Let r be c(-13). Suppos